t b(g) = -g**2. What is b(f)?
-1
Suppose -n + 6*n = 0. Let h(y) = 3*y**2 + 3*y - 3. Let f be h(1). Let b(p) = -64*p + f - 8 + 65*p. Calculate b(n).
-5
Let i(c) = c**2 - 8*c + 6. Suppose w = -4, 188 = 6*s - 2*s + 3*w. Suppose 8*x = 3*x + s. Let g be 231/35 - (-4)/x. Calculate i(g).
-1
Let n = -1 + 4. Suppose -n*j = -0*j - 3. Let o(v) = -v**2 + v + 1. Let i(l) = -9*l**3 - 3*l**2 + 3*l + 5. Let k(r) = -i(r) + 4*o(r). Calculate k(j).
8
Let f(q) = q + 11. Suppose a = b - 42, 0 = 5*b + 2*a + a - 250. Suppose -25 = 8*v + b. Give f(v).
2
Let b be 3 + -3 + -2 - 2. Let m be (-2)/(-1 - 0) - b. Let v(f) = f - 7. Determine v(m).
-1
Let t(s) = -10*s - 6*s - 6*s + 20*s + 3 - s**3. Determine t(0).
3
Suppose 2*u + 111 = 103. Let m(h) = h**2 + 2*h - 1. Give m(u).
7
Let p(s) = s**3 - 9*s**2 + 9*s - 7. Let y = -129 - -133. Suppose -y*f = -8 - 24. What is p(f)?
1
Let u be (-1)/(1 + 2 + -4). Suppose -u = q - 5. Suppose -d = q*d - 5. Let b(h) = -9*h**2 + 1. Determine b(d).
-8
Let k(v) be the second derivative of v**4/12 - 2*v**3 + 13*v**2/2 + 20*v + 1. Determine k(11).
2
Suppose 2*x - w = -11, 3*x + 18 = 6*w - 3*w. Let r = x + 7. Let p(d) = d**3 - 4*d**2 + 3*d. Give p(r).
-2
Suppose 5*h + 5*l = -20, 0 = -2*l - 0*l - 6. Let p(y) = -15*y**2 + y. Give p(h).
-16
Let f(z) = -14*z**2 + z - 23. Let u(b) = -5*b**2 + b - 8. Let c(a) = -3*f(a) + 8*u(a). Give c(-5).
30
Let g(x) = 4 - 121*x + 0 + 0*x**2 + 2*x**2 + 89*x. What is g(16)?
4
Let t(o) = 15 - o**2 + 21 - 1 - 32 + 8*o. Calculate t(8).
3
Let a be -1 + 0 + 74/2. Suppose 5*l + a = l. Let u(g) = g**2 + 8*g - 8. Let r be u(l). Let b(o) = -o**2 + 3*o - 1. Calculate b(r).
1
Suppose 0*c = -4*c. Let k = -1 + c. Let g(w) = 29*w + 23*w - 55*w + 0 - 1 + 2. Give g(k).
4
Let i(m) be the second derivative of -m**4/12 - 2*m**3 - 6*m**2 - 54*m. Give i(-12).
-12
Let a = 4 + -1. Let j(h) = -19 + h + 12746*h**2 + 19 - 12747*h**2 + 2*h. Determine j(a).
0
Suppose -34*k + 96 = -40*k. Let m(d) = 2*d + 24. Let g be m(k). Let p(b) = -b**3 - 8*b**2 + b + 7. Determine p(g).
-1
Let i(c) = 6*c - 4 + 5*c - 18*c + 7*c - c. What is i(-12)?
8
Let r(n) be the third derivative of -n**4/6 - 6*n**2 + 31. Let q = 4 - 4. Let g be (-3 - q)/3 - -2. Calculate r(g).
-4
Let j = -28 + 50. Let q(d) = -j + 4 - d + 7. What is q(-5)?
-6
Let j(y) = 6*y**2 - 3*y - 15. Let q be j(-4). Let i = 97 - q. Let m(d) = -4*d + 2. What is m(i)?
-14
Let d(u) be the first derivative of -u**3/3 - 13*u**2/2 + u - 62. Give d(-11).
23
Let i(m) = -11*m - 4. Suppose 6*h - h = 5, -4*h - 30 = 2*x. Let p(t) = 2 + 58*t + 1 - 25*t - 2 - 29*t. Let g(r) = x*p(r) - 6*i(r). Give g(6).
-5
Let y(g) = 18 + 12 + 12 - 3*g + 11 - g**3 - 50 + 2*g**2. Give y(3).
-15
Let n be 0 - (2 - 4 - 0). Let k(j) = j - j**2 + n*j + 2*j - 2. Suppose 185 = 35*l - 25. Give k(l).
-8
Let y(s) = -11*s**2 - 19*s - 6. Let t(r) = -9*r**2 - 17*r - 6. Let l(n) = -5*t(n) + 4*y(n). What is l(-9)?
6
Let g(n) = n**2 - 36*n - 201. Let b be g(41). Let y(k) be the second derivative of k**4/12 - 5*k**3/6 + 3*k**2/2 - k. Calculate y(b).
-1
Let g be -6 + (-2 - -1) + 3. Let h be (-5)/(-1 + g/(-2)). Let d(j) = -4*j + 1. Let s(i) = -7*i + 6. Let f(v) = -2*d(v) + s(v). What is f(h)?
-1
Let q(z) = -4*z**3 - z**2 + 9*z - 2. Let n(c) = 9*c**3 + c**2 - 19*c + 3. Let x(o) = -3*n(o) - 7*q(o). Calculate x(-5).
10
Let a(j) = 2*j**2 + j + 1. Let h(g) = -14*g**2 - 3*g - 3. Let x(m) = -4*a(m) - h(m). What is x(2)?
21
Let n(i) = -3*i - 29. Let l(a) = -a - 10. Let y(m) = 8*l(m) - 3*n(m). Calculate y(-12).
-5
Let g(q) = -q - 15. Let n be g(-12). Let h(t) = -t**2 - 5*t - 2. Let i(p) = -5*p**2 - 26*p - 9. Let s(z) = 11*h(z) - 2*i(z). Give s(n).
-4
Let b(r) = -4*r**2 + r - 4. Let i be (532/105)/(-38) + 86/(-30). Determine b(i).
-43
Let h(s) = 2 + 666*s - 1342*s + 674*s. Let n = -3 - -7. Give h(n).
-6
Let k be (4/12)/(2/(-18)). Let z = k + 1. Let s be (-50)/(-18) + z/(-9). Let i(x) = -x**2 + 7*x - 2. Calculate i(s).
10
Let i(c) be the second derivative of -3*c**3/2 - 7*c**2/2 + 35*c - 2. Give i(-4).
29
Let d be 0 - (68/(-2))/(-2). Let w = 5 + d. Let m = -17 - w. Let o(v) = v**2 + 7*v + 6. Give o(m).
-4
Let u(b) = -5*b - 1. Let o(i) = 8*i + 1. Let v(j) = 2*o(j) + 3*u(j). Calculate v(3).
2
Let g(n) = n**3 - 6*n**2 + 6*n - 5. Let h = 36 + -16. Suppose 16*b = 11*b + h. Calculate g(b).
-13
Let y(u) be the third derivative of -5*u**4/24 + 8*u**3/3 - 328*u**2. Calculate y(7).
-19
Let h(o) = 2*o**3 - 38*o**2 - 2*o - 2. Let s(i) = i**3 - 18*i**2 - i. Let t(y) = 3*h(y) - 7*s(y). What is t(12)?
6
Let c(g) = g - 1. Let v(a) = -a - 8. Let k = -36 + 25. Let f(n) = 2*n + 24. Let u(l) = k*v(l) - 4*f(l). Let t(p) = -2*c(p) + u(p). What is t(5)?
-1
Let f(m) = 2*m**2 + 1. Let q(h) = h**2 + 1. Let s(o) = 4*f(o) - 3*q(o). Let t = 2011 - 2012. What is s(t)?
6
Let y(r) = 11*r**2 + 24*r - 25. Let m(i) = 4*i**2 + 7*i - 8. Let n(a) = 8*m(a) - 3*y(a). Give n(-17).
-6
Let b(h) be the second derivative of -h**4/6 - h**3/2 - h**2 - 113*h. What is b(-3)?
-11
Let i(g) = -6*g + 16. Suppose 5*z - 5*k = 9*z - 38, 3*z - 13 = 4*k. Determine i(z).
-26
Let y(n) = -n**3 + 6*n**2 + 10*n - 17. Suppose -14 = 1783*x - 1785*x. What is y(x)?
4
Let y(u) = -u**2 + 12*u - 14. Suppose -62*q = -57*q - 5, 5*q = -4*h + 45. Calculate y(h).
6
Let n(c) be the third derivative of c**7/2520 + c**6/90 + 3*c**5/40 + 5*c**4/24 + 14*c**2. Let r(j) be the second derivative of n(j). What is r(-8)?
9
Let l(i) = -i**3 + 2*i**2 - 2 + 0 - 3*i + 4*i. Let z be 18/30 + 54/(-15) - -3. Let b be 0/(-1) + -4 + z + 6. Determine l(b).
0
Let b(j) = 4*j**2 + 4*j - 33. Let r(n) = 7*n**2 + 7*n - 67. Let x(v) = 5*b(v) - 3*r(v). Calculate x(0).
36
Let a(j) = -3*j - 23. Let b(x) = x**2 - 13*x + 2. Let t be b(12). What is a(t)?
7
Suppose -8 = -c - 2*r, -2*c = 3*c + 5*r - 30. Suppose -9*b + c*b = -20. Let o(z) = b*z + 3*z - 2 - z - 2 - z**2. Calculate o(5).
1
Let j = -141 - -146. Let t(w) = w**2 + 2*w + 5. Give t(j).
40
Let d be (-4)/6 - (-616)/168. Let h be (-1)/(22/(-10) + 2). Let w(i) = h + i**3 + 3*i - 4 + 1 - 5*i**2. Calculate w(d).
-7
Let v(o) = -o + 7. Let t(g) = -7*g + 19 + g + 10 + g. Suppose u + 5*w = 23, 4 = 5*u + 5*w - 11. Let m(b) = u*t(b) + 9*v(b). Determine m(6).
11
Let c(f) be the second derivative of f**5/20 + f**4/12 - 5*f**2/2 - 8*f. Let w be c(0). Let j(l) = -l**3 - 4*l**2 + 4*l. Calculate j(w).
5
Let r(h) = h**3 - 3*h**2 - 2*h - 1. Let a be 6 + -7 - -2 - -1. Give r(a).
-9
Let o(i) be the second derivative of -i**3/3 - 9*i**2/2 - i. Suppose 0 = -4*v - 4, -2*u + 9*v - 11*v - 16 = 0. Calculate o(u).
5
Let c be (-45)/(-18) - (-1)/(-2). Suppose f = c*m + 4*f - 8, 0 = 3*m + f - 5. Let t(u) = 10*u**3 - u**2 + u. Determine t(m).
10
Let m(v) = -3 + 3 + v. Let i(x) = x**2 + 5*x + 10. Let d be i(-4). What is m(d)?
6
Let j(v) be the third derivative of -v**6/120 - 2*v**5/15 - v**3/6 - 6*v**2. Let b be (2/2 + -3)*(-24)/(-6). Determine j(b).
-1
Suppose 0 = o + 18 - 15. Let r(k) = -6 + 4*k + 41*k**2 + 2*k - 44*k**2 - 3*k. Let z(a) = 2*a**2 - a + 3. Let p(s) = o*r(s) - 5*z(s). Determine p(-5).
-2
Let k(r) = -r**2 + 9*r - 13. Let z be (-100)/(-14) + (-340)/(-70) + -5. Determine k(z).
1
Let s = -26 - -20. Let w(j) = -14*j**3 - 9*j**2 + 14*j. Let b(d) = -5*d**3 - 3*d**2 + 5*d. Let t(a) = s*w(a) + 17*b(a). Determine t(2).
6
Let s = 203 - 213. Let p(m) = m + 3. Calculate p(s).
-7
Let j(q) = q**3 + 8*q**2 - 7*q - 1. Let s(i) = -i**3 - 9*i**2 + 7*i. Let f(m) = -5*j(m) - 4*s(m). Let v be (15 - 0)*(-1 - 6/(-9)). Determine f(v).
-5
Suppose 3*m - 6 + 3 = 0. Let z be -1 + 3 + -1 + m. Let n(p) = -19*p**2 + 0 - 7*p + 20*p**z - 1. Give n(6).
-7
Let m(i) be the third derivative of 0*i + 0 + 1/120*i**6 - 2/3*i**3 + 1/10*i**5 - 1/3*i**4 - 6*i**2. What is m(-7)?
3
Suppose 3*w = 1 + 5. Let a(n) = 4*n + 3*n**w + 4 - n - 5*n**2. Determine a(4).
-16
Let j(o) = 5*o**2 - 7*o - 8. Let d(b) = 4*b**2 - 3*b - 7. Let u(q) = -12*q**2 + 10*q + 21. Let m(i) = 11*d(i) + 4*u(i). Let y(p) = -3*j(p) - 4*m(p). Give y(6).
-10
Let o(s) be the first derivative of -s**4/3 + 19*s + 5. Let r(b) be the first derivative of o(b). What is r(1)?
-4
Let i(h) = h + 1. Let w(z) = 2*z + 1. Let m(d) = i(d) - w(d). What is m(-5)?
5
Let s(n) = -n**3 + 8*n**2 + 10*n - 10. Suppose -u = -0*u + r - 8, -4*u + 3*r + 39 = 0. Calculate s(u).
-1
Suppose -6 = 11*d - 17*d. Let s(z) = 23*z**3 + z**2 -